?
3
What is the units digit of 1734077?
7
What is the ten thousands digit of 44996326?
9
What is the thousands digit of 5182241397?
1
What is the tens digit of 31242393?
9
What is the hundreds digit of 82694426?
4
What is the tens digit of 413816840?
4
What is the thousands digit of 622663648?
3
What is the ten millions digit of 98942271?
9
What is the millions digit of 46608221?
6
What is the hundred millions digit of 2149858725?
1
What is the millions digit of 190934781?
0
What is the hundreds digit of 499550236?
2
What is the ten thousands digit of 5021536393?
3
What is the units digit of 50367240?
0
What is the hundreds digit of 4425188831?
8
What is the units digit of 715851487?
7
What is the thousands digit of 1193181570?
1
What is the millions digit of 1836471461?
6
What is the thousands digit of 29916973?
6
What is the hundred millions digit of 8687579534?
6
What is the hundred thousands digit of 239397397?
3
What is the hundred millions digit of 591609849?
5
What is the ten millions digit of 1700926552?
0
What is the tens digit of 2200998487?
8
What is the hundreds digit of 2095826131?
1
What is the thousands digit of 788242452?
2
What is the ten millions digit of 3280813712?
8
What is the ten thousands digit of 86939285?
3
What is the millions digit of 10691935?
0
What is the tens digit of 105431770?
7
What is the tens digit of 131005447?
4
What is the billions digit of 4838788039?
4
What is the hundreds digit of 770945874?
8
What is the hundred millions digit of 1163029417?
1
What is the hundred thousands digit of 171222052?
2
What is the ten millions digit of 502849511?
0
What is the millions digit of 368548744?
8
What is the hundred thousands digit of 602370517?
3
What is the ten thousands digit of 336772391?
7
What is the hundreds digit of 80810469?
4
What is the units digit of 701952786?
6
What is the thousands digit of 10785637?
5
What is the hundred thousands digit of 2734391827?
3
What is the hundreds digit of 572626568?
5
What is the hundreds digit of 656493980?
9
What is the hundreds digit of 158510327?
3
What is the millions digit of 1264946532?
4
What is the thousands digit of 1441986653?
6
What is the tens digit of 72432741?
4
What is the ten thousands digit of 34572741?
7
What is the ten thousands digit of 1047358478?
5
What is the units digit of 1294671336?
6
What is the ten millions digit of 1810048049?
1
What is the ten millions digit of 543037082?
4
What is the units digit of 34064738?
8
What is the hundred millions digit of 329137710?
3
What is the ten thousands digit of 2556702797?
0
What is the hundred thousands digit of 3995905327?
9
What is the thousands digit of 12180824?
0
What is the ten millions digit of 2351995269?
5
What is the hundreds digit of 297790816?
8
What is the units digit of 275767069?
9
What is the hundreds digit of 49200658?
6
What is the ten millions digit of 957423272?
5
What is the hundred millions digit of 233876024?
2
What is the ten thousands digit of 1624289?
2
What is the hundred thousands digit of 705579796?
5
What is the hundreds digit of 1131639?
6
What is the thousands digit of 4120091?
0
What is the ten millions digit of 406425873?
0
What is the thousands digit of 29044904?
4
What is the hundreds digit of 75499236?
2
What is the ten thousands digit of 10344237?
4
What is the hundreds digit of 82967940?
9
What is the millions digit of 2097189?
2
What is the ten thousands digit of 1232673257?
7
What is the units digit of 2804972001?
1
What is the ten millions digit of 41720338?
4
What is the ten millions digit of 318085480?
1
What is the ten thousands digit of 37035326?
3
What is the ten thousands digit of 37331571?
3
What is the ten millions digit of 369729837?
6
What is the hundred thousands digit of 64128054?
1
What is the units digit of 552316245?
5
What is the tens digit of 54685722?
2
What is the millions digit of 39012581?
9
What is the tens digit of 121758422?
2
What is the ten thousands digit of 218610224?
1
What is the tens digit of 2193297042?
4
What is the hundreds digit of 551812166?
1
What is the millions digit of 4046051233?
6
What is the millions digit of 603624107?
3
What is the ten thousands digit of 8655537?
5
What is the ten millions digit of 62991407?
6
What is the hundred millions digit of 168636296?
1
What is the hundred thousands digit of 1203043960?
0
What is the billions digit of 3667802554?
3
What is the ten millions digit of 575702214?
7
What is the billions digit of 7670583659?
7
What is the thousands digit of 870285496?
5
What is the units digit of 45585063?
3
What is the hundred thousands digit of 31008464?
0
What is the millions digit of 2314921?
2
What is the tens digit of 10977434?
3
What is the tens digit of 324980484?
8
What is the hundred millions digit of 2436752337?
4
What is the ten millions digit of 58493669?
5
What is the millions digit of 50284055?
0
What is the millions digit of 68540108?
8
What is the ten thousands digit of 62842555?
4
What is the hundreds digit of 209393733?
7
What is the millions digit of 264551418?
4
What is the thousands digit of 53425839?
5
What is the ten thousands digit of 2289803184?
0
What is the ten millions digit of 38691419?
3
What is the hundreds digit of 68353477?
4
What is the units digit of 7691660?
0
What is the hundred millions digit of 455590804?
4
What is the thousands digit of 859376578?
6
What is the tens digit of 68152739?
3
What is the millions digit of 2700465420?
0
What is the hundred millions digit of 5989026844?
9
What is the units digit of 121091401?
1
What is the units digit of 463816885?
5
What is the thousands digit of 58518307?
8
What is the ten thousands digit of 325703272?
0
What is the hundred thousands digit of 4101369212?
3
What is the billions digit of 1570485625?
1
What is the hundred thousands digit of 719354840?
3
What is the hundreds digit of 9510244137?
1
What is the hundred millions digit of 410288958?
4
What is the tens digit of 730234163?
6
What is the thousands digit of 61125195?
5
What is the units digit of 1724198629?
9
What is the ten millions digit of 86072445?
8
What is the ten thousands digit of 25492272?
9
What is the hundred millions digit of 2841710172?
8
What is the ten thousands digit of 359897574?
9
What is the billions digit of 1083265974?
1
What is the hundred thousands digit of 351616386?
6
What is the thousands digit of 20198304?
8
What is the millions digit of 506792665?
6
What is the tens digit of 39967422?
2
What is the ten millions digit of 97102265?
9
What is the ten millions digit of 1106992529?
0
What is the ten thousands digit of 387650018?
5
What is the thousands digit of 330578806?
8
What is the hundreds digit of 4361892214?
2
What is the hundreds digit of 395983202?
2
What is the hundred thousands digit of 19285206?
2
What is the hundred thousands digit of 37099375?
0
What is the hundreds digit of 57609819?
8
What is the tens digit of 49299036?
3
What is the units digit of 1208175877?
7
What is the tens digit of 635439066?
6
What is the ten thousands digit of 106246161?
4
What is the hundreds digit of 14150937?
9
What is the hundreds digit of 6073219637?
6
What is the hundred millions digit of 565534145?
5
What is the hundred millions digit of 152273363?
1
What is the ten millions digit of 2513885803?
1
What is the hundreds digit of 2807878?
8
What is the hundreds digit of 10856229?
2
What is the ten millions digit of 4829440125?
2
What is the ten thousands digit of 17611150?
1
What is the tens digit of 1176507395?
9
What is the thousands digit of 352645465?
5
What is the thousands digit of 14581537?
1
What is the ten millions digit of 20150791?
2
What is the thousands digit of 111873884?
3
What is the tens digit of 585737035?
3
What is the billions digit of 7125970143?
7
What is the hundred millions digit of 3400696876?
4
What is the tens digit of 33024132?
3
What is the millions digit of 143831502?
3
What is the tens digit of 111676913?
1
What is the hundred millions digit of 1253280471?
2
What is the thousands digit of 249130062?
0
What is the units digit of 105015302?
2
What is the millions digit of 4891780629?
1
What is the hundreds digit of 11867966?
9
What is the ten thousands digit of 51000964?
0
What is the hundred thousands digit of 